o be (-2)/(-3) - 22/(-3). Suppose 0 = 4*y - o - 0. What is the units digit of y?
2
Suppose 4*c = 208 + 4. Let k = c - 27. What is the tens digit of k?
2
Let n = -110 + 226. What is the units digit of n?
6
Let l(u) = 28*u - 1. Let k(a) = -42*a + 1. Let s(v) = -5*k(v) - 8*l(v). Let m be s(-3). Suppose 4*f = -17 + m. What is the units digit of f?
7
Let k(t) = t**2 - 12*t + 13. What is the units digit of k(15)?
8
Let k(m) = m**3 + 6*m**2 - 4*m + 7. What is the units digit of k(-5)?
2
Suppose 0 = -2*f + 4. Let p be 0 - (-1 + (1 - f)). Suppose i - 27 = -4*l, 3*i = p - 5. What is the units digit of l?
7
Let x be 0/4 + 0/(-2). Suppose x = -4*k + 9 - 1. Let l(w) = 2*w**2 + 2. What is the units digit of l(k)?
0
Let s(u) = u + 1. Let d be s(6). Let z = -5 + d. What is the units digit of z?
2
Let x be (24/(-16))/((-6)/20). Suppose 2*o - x - 9 = 0. What is the units digit of o?
7
Suppose 39*w + 708 = 45*w. What is the hundreds digit of w?
1
What is the units digit of 3/(-2)*32/(-12)?
4
Let v be (-96)/(-56) + (-2)/(-7). Suppose -r = v*r + 42. Let c = 25 + r. What is the tens digit of c?
1
Let b be (4/(-12))/(2/(-24)). Let l = b - 1. Let p(a) = a**3 - a**2 - 3*a - 2. What is the units digit of p(l)?
7
Suppose 4*k - 96 = 5*m + 146, -m = 3*k - 191. Let s = k - 31. What is the units digit of s?
2
Suppose -7*a = -4*a - 168. What is the tens digit of a?
5
Suppose -2*x - 2*w + 128 = 0, 0*w = 3*x - w - 188. Suppose x - 15 = 4*b. What is the units digit of b?
2
What is the tens digit of 2 + 108/((-8)/(-2))?
2
Suppose 2*o + 76 = 6*o. What is the tens digit of o?
1
Let v be 4/(-18) + (-1336)/(-18). Let y be v/(-14) + (-2)/(-7). Let l = y - -9. What is the units digit of l?
4
Let x = 12 - -14. What is the units digit of x?
6
Suppose -3*t + 9*t - 234 = 0. What is the tens digit of t?
3
Suppose 0 = 2*b - 3*r - 0*r - 17, 0 = 3*b - 4*r - 23. Let u(k) = -k + 2. Let v be u(-2). Suppose v + b = m. What is the units digit of m?
5
Suppose 2*j = 7*j - 25. Suppose 0 = j*o - 7 + 77. What is the units digit of o/(-1) + 2/(-1)?
2
Let h = -49 + 52. What is the units digit of h?
3
Suppose 2*o = -2*o - 12. What is the units digit of 27/o*8/(-6)?
2
Suppose -a = -2*p - 0*a + 344, 4*a + 521 = 3*p. What is the hundreds digit of p?
1
Let f(s) = s**2 - 8*s + 7. Let a(r) = r**2 - 8*r + 8. Let n(k) = -3*a(k) + 4*f(k). What is the units digit of n(11)?
7
Suppose 4*z + 52 = 136. What is the units digit of z?
1
Suppose -350 = -5*u + 4*q, -q = 5*u - 0*u - 325. What is the tens digit of u?
6
Suppose 0 = g + 5*t - 2, -6*t = 2*g - 3*t - 4. Let c = g - 0. Suppose o + c*o - 33 = 0. What is the tens digit of o?
1
Suppose t = -2*o + 77, 2*o - 133 = -o - 5*t. What is the units digit of o?
6
Suppose -c - 4 = -2*c. Suppose 9 = -c*m + m. Let h = m + 22. What is the tens digit of h?
1
Let u be 43 + 5/5 + 4. Let c be -1 + 2 + (0 - -1). Suppose c*g + 2*g - u = 0. What is the tens digit of g?
1
Let d(a) = -a**3 + 6*a**2 + a - 6. Let b be d(6). Suppose 4*v - 4 + b = 0. What is the units digit of (-6 + 9)*(2 - v)?
3
Let r = -37 + 58. What is the tens digit of r?
2
Let n(a) be the first derivative of -a**4/4 - 3*a**3 + 11*a**2/2 + 2*a + 1. Let j be n(-10). Let u = 22 + j. What is the units digit of u?
4
Let u = -1 - -3. Let o = u + 1. What is the units digit of o?
3
Suppose -4*j + 905 + 323 = 0. What is the tens digit of j?
0
Let s(g) = g**2 + 5*g - 7. What is the tens digit of s(5)?
4
What is the tens digit of 5*(-4 - (-270)/25)?
3
Let o = 1 + -6. Let t = 16 - 6. Let k = t + o. What is the units digit of k?
5
Let h(l) = -l + 1. Let r be ((-7)/2)/((-3)/(-6)). Let y be h(r). Suppose y - 26 = -2*w. What is the units digit of w?
9
Let k = -328 - -465. What is the tens digit of k?
3
Suppose 4*h + 2*p = 0, 26 = 5*h - 4*p - 0. Suppose -2*o = -h - 0. What is the units digit of o?
1
Suppose l - 19 = -g + 3*l, 0 = 3*g + 5*l - 101. Let c be (-2)/8 - g/(-12). Suppose f - 15 = -c*f. What is the units digit of f?
5
Let f be (-3 + 6/4)*10. What is the units digit of 64/10 + 6/f?
6
Suppose 2*h - 4*t = 10 + 6, 3*h + t - 31 = 0. What is the units digit of h?
0
Suppose 5*c + 9 = -6. Let w(m) = -2*m**3 - 3*m**2 + m + 2. Let p be w(c). Suppose -p = -7*r + 2*r - 3*l, 3*l + 30 = 3*r. What is the units digit of r?
7
Let n(u) = -5 + 4 - 2*u + u**2 + 0*u. Let s be n(-2). Let y(v) = v + 2. What is the units digit of y(s)?
9
Suppose 0 = -0*j + 3*j. Suppose 1 - 36 = -5*k - 5*u, 5*u - 10 = j. Suppose 2*o - 2 = 4, 0 = -k*l + 4*o - 7. What is the units digit of l?
1
Let j(o) = o - 3. Let q be j(6). Suppose 0 = q*w + 2*w + 4*x - 40, -w - 2*x = -2. What is the units digit of w?
2
Let f be (-2)/(-4) + 2/(-4). Suppose -h = -0*n - 5*n, -h - 2*n + 21 = f. What is the units digit of h?
5
Suppose -d = -15*d + 1526. What is the hundreds digit of d?
1
Suppose 2*l = -3*l + 20. Suppose 4*m + l*x - 23 - 17 = 0, 2*x + 22 = 5*m. What is the units digit of m?
6
What is the tens digit of -1 - (0 - (18 - -2))?
1
Let i(t) = -3*t. Let q be i(1). What is the tens digit of 15 - (0/q - -3)?
1
Let j(n) = n + 9. What is the units digit of j(7)?
6
Suppose -18 = -2*t - t. What is the units digit of (-9)/6*(-4)/t?
1
What is the units digit of ((-258)/(-9))/(4/6)?
3
Suppose 0 = 5*g - 4*g + 4, g + 118 = 3*r. What is the units digit of r?
8
Let l = 4 - 0. What is the tens digit of (l - 0)/2 + 41?
4
Suppose z = 163 + 123. What is the units digit of z?
6
Suppose -r = 4*r - 5. What is the units digit of r?
1
Suppose -10 = 5*l, -2*t + 111 = -l - 161. What is the hundreds digit of t?
1
Let p = -3 + 16. Let d = p - 8. What is the units digit of d?
5
Let w(b) = -b**2 - 6*b - 4. What is the units digit of w(-3)?
5
Let w(h) = -8*h - 4. Let b be w(-6). Suppose 0 = 5*a + 4*z + b, -5*a = -z - 3*z + 76. What is the units digit of (a/15)/(1/(-5))?
4
Let g(p) = -p**3 - 7*p**2 - 6*p + 1. Let k(t) = -t + 3. Let m be k(9). What is the units digit of g(m)?
1
Suppose -307 = -4*b - 3*f, 0 = -2*b - 3*b - 3*f + 380. What is the units digit of b?
3
Let z(b) = b**2 - 3*b + 6. Let k be z(4). What is the units digit of (-246)/(-30) - 2/k?
8
Let o = -5 + 10. Let a = o + -1. Suppose 8 = a*y - 0. What is the units digit of y?
2
Let v = -3 + 0. What is the units digit of 10/v*(-9)/3?
0
Let k = -4 - -7. Suppose 0*p - p + 2 = 0. Suppose p*u = -k*u + 5. What is the units digit of u?
1
Suppose -5*u - 6 = -3*d - 17, 0 = -3*u - 5*d + 27. Let g be 78/(-21) - u/14. Let c = 9 + g. What is the units digit of c?
5
Let k(d) = -10*d + 3*d - 3 - 1. Let w = 5 - 8. What is the tens digit of k(w)?
1
Let w = -78 + 261. What is the units digit of w?
3
Let i = -21 + 37. Suppose 0 = 3*p + a - 26, -3*a + i = 2*p - a. What is the units digit of p?
9
Let q = -36 + 75. What is the tens digit of q?
3
Let u be (0 - -1)*(0 + 2). Suppose 4*r + 8*g - 10 = 3*g, -u = -2*r - 4*g. Suppose -o - 1 + r = 5*s, 4*s + 8 = 0. What is the units digit of o?
4
Let p(w) = 7*w - 1. Let g be p(1). Let y(c) = 4*c + c**3 + 2*c**2 + 3 + 3*c - 9*c**2. What is the units digit of y(g)?
9
Let o = 123 - 47. What is the tens digit of o?
7
Suppose -2*b + 4 = -o, o - 2*b = -3*o + 8. Let p = o + -1. What is the units digit of p?
3
Suppose 0 = 4*p - 8*p + 5*k - 45, 0 = -2*k + 2. Let s = -6 - p. Suppose 5*i - s*i - 6 = 0. What is the units digit of i?
6
Let m = 50 - 15. What is the units digit of m?
5
Suppose -2*x + 13 = -1. Let z(c) = c**2 - 6*c - 1. Let n be z(x). What is the units digit of (-12)/8*(-20)/n?
5
Let x = 250 - 179. What is the units digit of x?
1
Suppose -a + 29 = -5*w, 0 = -a - a - 2*w - 2. Suppose a*y = -4*p + 8, 5*p + 40 = 5*y + 10. What is the units digit of y?
4
Let a = 7 - 1. Let o(m) = 4*m - 2. Let i be o(a). Suppose -2 = 4*z - i. What is the units digit of z?
5
Let j(r) be the second derivative of -r**5/10 - r**4/3 - r**3/3 + r**2 - 3*r. What is the units digit of j(-2)?
6
What is the units digit of 20/(-15)*(-10 - -1)?
2
Let x = -9 - -10. Let v be 3/(-1) - (x - 6). Suppose -6*s = -v*s - 52. What is the tens digit of s?
1
Let a = 10 - 5. What is the units digit of a?
5
Let r = -6 - -41. What is the tens digit of r?
3
Let g(h) be the second derivative of h**4/4 + h**3/6 + h**2/2 - h. Suppose -8 = 3*z - 2*q, -q + 0 = -z - 3. What is the units digit of g(z)?
1
Let x = 18 + -15. Suppose 0 = -x*f - 5*p + 79, 0 = -2*f - 2*f - 5*p + 112. What is